{"id":14,"date":"2023-09-20T07:59:03","date_gmt":"2023-09-20T07:59:03","guid":{"rendered":"https:\/\/test.jeker.eu\/?page_id=14"},"modified":"2024-09-06T07:07:45","modified_gmt":"2024-09-06T07:07:45","slug":"home","status":"publish","type":"page","link":"https:\/\/test.jeker.eu\/","title":{"rendered":"Moeri &#038; Partner AG &#8211; Landschaftsarchitekten"},"content":{"rendered":"<p>[et_pb_section fb_built=&#8220;1&#8243; _builder_version=&#8220;4.22.1&#8243; _module_preset=&#8220;default&#8220; global_colors_info=&#8220;{}&#8220;][et_pb_row column_structure=&#8220;1_4,1_4,1_4,1_4&#8243; _builder_version=&#8220;4.22.1&#8243; _module_preset=&#8220;default&#8220; global_colors_info=&#8220;{}&#8220;][et_pb_column type=&#8220;1_4&#8243; _builder_version=&#8220;4.22.1&#8243; _module_preset=&#8220;default&#8220; global_colors_info=&#8220;{}&#8220;][et_pb_text _builder_version=&#8220;4.22.1&#8243; _module_preset=&#8220;default&#8220; hover_enabled=&#8220;0&#8243; global_colors_info=&#8220;{}&#8220; sticky_enabled=&#8220;0&#8243;]<\/p>\n<h2>G\u00e4rten<\/h2>\n<p>[\/et_pb_text][et_pb_image src=&#8220;https:\/\/test.jeker.eu\/wp-content\/uploads\/2023\/09\/Bild1.jpg&#8220; title_text=&#8220;Restaurant Golf Limpachtal&#8220; disabled_on=&#8220;off|off|off&#8220; _builder_version=&#8220;4.27.0&#8243; _module_preset=&#8220;default&#8220; hover_enabled=&#8220;0&#8243; global_colors_info=&#8220;{}&#8220; sticky_enabled=&#8220;0&#8243;][\/et_pb_image][et_pb_text disabled_on=&#8220;off|off|off&#8220; _builder_version=&#8220;4.27.0&#8243; _module_preset=&#8220;default&#8220; hover_enabled=&#8220;0&#8243; global_colors_info=&#8220;{}&#8220; sticky_enabled=&#8220;0&#8243;]<\/p>\n<p>Restaurant Golf-Limpachtal<\/p>\n<p>[\/et_pb_text][et_pb_text _builder_version=&#8220;4.27.0&#8243; _module_preset=&#8220;default&#8220; hover_enabled=&#8220;0&#8243; global_colors_info=&#8220;{}&#8220; sticky_enabled=&#8220;0&#8243;]<\/p>\n<p>G\u00e4rten haben als Lebensraum f\u00fcr uns Menschen der \u201egestressten\u201c Industrienationen grosse Bedeutung erlangt. Sowohl die G\u00e4rten im \u201eKleinen\u201c, die uns im hektischen Alltag als harmonischer Wohnraum im Freien zur Verbesserung der Lebensqualit\u00e4t dienen \u2013 Als auch Parks und G\u00e4rten, wo sich Menschen zum kollektiven Erholen treffen und einen Teil Ihrer Freizeit verbringen.<\/p>\n<p>[\/et_pb_text][\/et_pb_column][et_pb_column type=&#8220;1_4&#8243; _builder_version=&#8220;4.22.1&#8243; _module_preset=&#8220;default&#8220; global_colors_info=&#8220;{}&#8220;][et_pb_text _builder_version=&#8220;4.22.1&#8243; _module_preset=&#8220;default&#8220; global_colors_info=&#8220;{}&#8220;]<\/p>\n<h2>Philosophie<\/h2>\n<p>[\/et_pb_text][et_pb_image src=&#8220;https:\/\/test.jeker.eu\/wp-content\/uploads\/2023\/09\/Bild2-300&#215;300-1.jpg&#8220; title_text=&#8220;Firmengeb\u00e4ude Hinterkappelen&#8220; disabled_on=&#8220;off|off|off&#8220; _builder_version=&#8220;4.27.0&#8243; _module_preset=&#8220;default&#8220; hover_enabled=&#8220;0&#8243; global_colors_info=&#8220;{}&#8220; sticky_enabled=&#8220;0&#8243;][\/et_pb_image][et_pb_text disabled_on=&#8220;off|off|off&#8220; _builder_version=&#8220;4.27.0&#8243; _module_preset=&#8220;default&#8220; global_colors_info=&#8220;{}&#8220;]<\/p>\n<p>Firmengeb\u00e4ude Hinterkappelen<\/p>\n<p>[\/et_pb_text][et_pb_text _builder_version=&#8220;4.22.1&#8243; _module_preset=&#8220;default&#8220; global_colors_info=&#8220;{}&#8220;]<\/p>\n<p><a title=\"Landschaftsarchitektur\" href=\"http:\/\/de.wikipedia.org\/wiki\/Landschaftsarchitektur\" target=\"_blank\" rel=\"noopener\">Landschaftsarchitektur<\/a>\u00a0ist dem Wohlbefinden des Menschen in seiner jeweiligen Umgebung verpflichtet. Vernetztes Denken, unter spezieller Beachtung \u00f6kologischer Zusammenh\u00e4nge, ist unsere methodische Arbeitsgrundlage, um den Bed\u00fcrfnissen der Zukunft gerecht zu werden. Als Landschaftsarchitekten koordinieren wir die Vernetzung von verschiedenen Planungs- und Gestaltungsprozessen der Architektur und des Ingenieurwesens mit all ihren Spezialgebieten.<\/p>\n<p>[\/et_pb_text][\/et_pb_column][et_pb_column type=&#8220;1_4&#8243; _builder_version=&#8220;4.22.1&#8243; _module_preset=&#8220;default&#8220; global_colors_info=&#8220;{}&#8220;][et_pb_text _builder_version=&#8220;4.22.1&#8243; _module_preset=&#8220;default&#8220; global_colors_info=&#8220;{}&#8220;]<\/p>\n<h2>Spezialgebiete<\/h2>\n<p>[\/et_pb_text][et_pb_image src=&#8220;https:\/\/test.jeker.eu\/wp-content\/uploads\/2023\/09\/Bild3-300&#215;300-1.jpg&#8220; title_text=&#8220;Quaigestaltung &#8211; Hochwasserschutz Brienz&#8220; disabled_on=&#8220;off|off|off&#8220; _builder_version=&#8220;4.27.0&#8243; _module_preset=&#8220;default&#8220; hover_enabled=&#8220;0&#8243; global_colors_info=&#8220;{}&#8220; sticky_enabled=&#8220;0&#8243;][\/et_pb_image][et_pb_text disabled_on=&#8220;off|off|off&#8220; _builder_version=&#8220;4.27.0&#8243; _module_preset=&#8220;default&#8220; global_colors_info=&#8220;{}&#8220;]<\/p>\n<p>Quaigestaltung \u2013 Hochwasserschutz Brienz<\/p>\n<p>[\/et_pb_text][et_pb_text _builder_version=&#8220;4.27.0&#8243; _module_preset=&#8220;default&#8220; global_colors_info=&#8220;{}&#8220;]<\/p>\n<p>Planung und treuh\u00e4nderische Realisierung von Vorhaben im Garten- und Landschaftsbau.\u00a0<a href=\"https:\/\/test.jeker.eu\/index.php\/private-gaerten\/\">G\u00e4rten von Privath\u00e4usern\u00a0<\/a>und\u00a0<a href=\"https:\/\/test.jeker.eu\/index.php\/wohnen-arbeiten\/\">Siedlungen<\/a>, Aussenr\u00e4ume \u00f6ffentlicher Bauten,\u00a0<a href=\"https:\/\/test.jeker.eu\/index.php\/kindergaerten-spielplaetze\/\">Spiel- und Sportpl\u00e4tze<\/a>,\u00a0<a href=\"https:\/\/test.jeker.eu\/index.php\/friedhoefe\/\">Friedh\u00f6fe<\/a>,\u00a0<a href=\"https:\/\/test.jeker.eu\/index.php\/natur-und-landschaft\/\">Gew\u00e4sserrenaturierungen<\/a>,\u00a0<a href=\"https:\/\/test.jeker.eu\/index.php\/oeffentlicher-raum\/\">Strassenraumgestaltungen<\/a>\u00a0und\u00a0<a href=\"https:\/\/test.jeker.eu\/index.php\/gartendenkmalpflege\/\">gartendenkmalpflegerische<\/a>\u00a0Aufgaben.<\/p>\n<p>[\/et_pb_text][\/et_pb_column][et_pb_column type=&#8220;1_4&#8243; _builder_version=&#8220;4.22.1&#8243; _module_preset=&#8220;default&#8220; global_colors_info=&#8220;{}&#8220;][et_pb_text _builder_version=&#8220;4.27.0&#8243; _module_preset=&#8220;default&#8220; global_colors_info=&#8220;{}&#8220;]<\/p>\n<h2><a href=\"https:\/\/test.jeker.eu\/index.php\/viastoria-beratungen\/\">ViaStoria Beratungen<\/a><\/h2>\n<p>[\/et_pb_text][et_pb_image src=&#8220;https:\/\/test.jeker.eu\/wp-content\/uploads\/2023\/09\/ViaStoria.jpg&#8220; title_text=&#8220;ViaStoria &#8211; Historische Verkehrswege&#8220; url=&#8220;@ET-DC@eyJkeW5hbWljIjp0cnVlLCJjb250ZW50IjoicG9zdF9saW5rX3VybF9wYWdlIiwic2V0dGluZ3MiOnsicG9zdF9pZCI6IjczMyJ9fQ==@&#8220; disabled_on=&#8220;off|off|off&#8220; _builder_version=&#8220;4.27.0&#8243; _dynamic_attributes=&#8220;url&#8220; _module_preset=&#8220;default&#8220; hover_enabled=&#8220;0&#8243; global_colors_info=&#8220;{}&#8220; sticky_enabled=&#8220;0&#8243;][\/et_pb_image][et_pb_text disabled_on=&#8220;off|off|off&#8220; _builder_version=&#8220;4.27.0&#8243; _module_preset=&#8220;default&#8220; global_colors_info=&#8220;{}&#8220;]<\/p>\n<p>Historische Verkehrswege<\/p>\n<p>[\/et_pb_text][et_pb_text _builder_version=&#8220;4.22.1&#8243; _module_preset=&#8220;default&#8220; global_colors_info=&#8220;{}&#8220;]<\/p>\n<p>Im Bereich des Inventars historischer Verkehrswege der Schweiz (IVS) unterst\u00fctzt \u201cViaStoria Beratungen\u201d als externer Dienstleister die Fachstelle Langsamverkehr des Tiefbauamtes des Kantons Bern. Dabei erarbeitet \u201cViaStoria Beratungen\u201d \u2013 in Zusammenarbeit mit den zust\u00e4ndigen Oberingenieurkreisen \u2013 Fachbeurteilungen zu Planungen und Projektierungen, welche historische Verkehrswege betreffen.<\/p>\n<p>[\/et_pb_text][\/et_pb_column][\/et_pb_row][et_pb_row column_structure=&#8220;1_2,1_2&#8243; _builder_version=&#8220;4.22.1&#8243; _module_preset=&#8220;default&#8220; global_colors_info=&#8220;{}&#8220;][et_pb_column type=&#8220;1_2&#8243; _builder_version=&#8220;4.22.1&#8243; _module_preset=&#8220;default&#8220; global_colors_info=&#8220;{}&#8220;][et_pb_text _builder_version=&#8220;4.27.0&#8243; _module_preset=&#8220;default&#8220; global_colors_info=&#8220;{}&#8220;]<\/p>\n<h3>Landschaftsarchitekten \u00b7 Landschaftsarchitektur<\/h3>\n<p><a title=\"Sinn und Zweck der Landschaftsarchitektur\" href=\"http:\/\/www.moeripartner.ch\/?p=901\">Interview: Daniel Moeri \u00fcber Sinn und Zweck der Landschaftsarchitektur<\/a><\/p>\n<p>neu &#8211; <a href=\"https:\/\/test.jeker.eu\/index.php\/offene-stellen\/\">offene Stellen<\/a><\/p>\n<p>[\/et_pb_text][\/et_pb_column][et_pb_column type=&#8220;1_2&#8243; _builder_version=&#8220;4.22.1&#8243; _module_preset=&#8220;default&#8220; global_colors_info=&#8220;{}&#8220;][et_pb_image src=&#8220;https:\/\/test.jeker.eu\/wp-content\/uploads\/2023\/09\/biodiversitaet-300&#215;176-1.jpg&#8220; url=&#8220;@ET-DC@eyJkeW5hbWljIjp0cnVlLCJjb250ZW50IjoicG9zdF9saW5rX3VybF9wYWdlIiwic2V0dGluZ3MiOnsicG9zdF9pZCI6Ijc0MyJ9fQ==@&#8220; align=&#8220;right&#8220; _builder_version=&#8220;4.27.0&#8243; _dynamic_attributes=&#8220;url&#8220; _module_preset=&#8220;default&#8220; width=&#8220;29%&#8220; max_width=&#8220;100%&#8220; global_colors_info=&#8220;{}&#8220;][\/et_pb_image][\/et_pb_column][\/et_pb_row][\/et_pb_section]<\/p>\n","protected":false},"excerpt":{"rendered":"<p>G\u00e4rtenRestaurant Golf-LimpachtalG\u00e4rten haben als Lebensraum f\u00fcr uns Menschen der \u201egestressten\u201c Industrienationen grosse Bedeutung erlangt. Sowohl die G\u00e4rten im \u201eKleinen\u201c, die uns im hektischen Alltag als harmonischer Wohnraum im Freien zur Verbesserung der Lebensqualit\u00e4t dienen \u2013 Als auch Parks und G\u00e4rten, wo sich Menschen zum kollektiven Erholen treffen und einen Teil Ihrer Freizeit verbringen.PhilosophieFirmengeb\u00e4ude HinterkappelenLandschaftsarchitektur\u00a0ist dem [&hellip;]<\/p>\n","protected":false},"author":1,"featured_media":0,"parent":0,"menu_order":0,"comment_status":"closed","ping_status":"closed","template":"","meta":{"_et_pb_use_builder":"on","_et_pb_old_content":"","_et_gb_content_width":"","footnotes":""},"class_list":["post-14","page","type-page","status-publish","hentry"],"aioseo_notices":[],"_links":{"self":[{"href":"https:\/\/test.jeker.eu\/index.php\/wp-json\/wp\/v2\/pages\/14","targetHints":{"allow":["GET"]}}],"collection":[{"href":"https:\/\/test.jeker.eu\/index.php\/wp-json\/wp\/v2\/pages"}],"about":[{"href":"https:\/\/test.jeker.eu\/index.php\/wp-json\/wp\/v2\/types\/page"}],"author":[{"embeddable":true,"href":"https:\/\/test.jeker.eu\/index.php\/wp-json\/wp\/v2\/users\/1"}],"replies":[{"embeddable":true,"href":"https:\/\/test.jeker.eu\/index.php\/wp-json\/wp\/v2\/comments?post=14"}],"version-history":[{"count":21,"href":"https:\/\/test.jeker.eu\/index.php\/wp-json\/wp\/v2\/pages\/14\/revisions"}],"predecessor-version":[{"id":1033,"href":"https:\/\/test.jeker.eu\/index.php\/wp-json\/wp\/v2\/pages\/14\/revisions\/1033"}],"wp:attachment":[{"href":"https:\/\/test.jeker.eu\/index.php\/wp-json\/wp\/v2\/media?parent=14"}],"curies":[{"name":"wp","href":"https:\/\/api.w.org\/{rel}","templated":true}]}}