{"id":264,"date":"2024-08-17T11:38:36","date_gmt":"2024-08-17T11:38:36","guid":{"rendered":"https:\/\/test.jeker.eu\/?page_id=264"},"modified":"2024-09-06T08:04:52","modified_gmt":"2024-09-06T08:04:52","slug":"ufer-hochwasserschutz-aare-felsenau","status":"publish","type":"page","link":"https:\/\/test.jeker.eu\/index.php\/ufer-hochwasserschutz-aare-felsenau\/","title":{"rendered":"Ufer Hochwasserschutz Aare Felsenau"},"content":{"rendered":"<p>[et_pb_section fb_built=&#8220;1&#8243; _builder_version=&#8220;4.27.0&#8243; _module_preset=&#8220;default&#8220; global_colors_info=&#8220;{}&#8220;][et_pb_row column_structure=&#8220;1_4,1_4,1_4,1_4&#8243; _builder_version=&#8220;4.27.0&#8243; _module_preset=&#8220;default&#8220; hover_enabled=&#8220;0&#8243; global_colors_info=&#8220;{}&#8220; use_custom_gutter=&#8220;on&#8220; sticky_enabled=&#8220;0&#8243;][et_pb_column type=&#8220;1_4&#8243; _builder_version=&#8220;4.27.0&#8243; _module_preset=&#8220;default&#8220; global_colors_info=&#8220;{}&#8220;][et_pb_text _builder_version=&#8220;4.27.0&#8243; _module_preset=&#8220;default&#8220; global_colors_info=&#8220;{}&#8220;]<\/p>\n<p><strong>Uferschutz \/ Hochwasserschutz Aare<br \/>Felsenau, Bern 2007-2010<\/strong><\/p>\n<p>[\/et_pb_text][\/et_pb_column][et_pb_column type=&#8220;1_4&#8243; _builder_version=&#8220;4.27.0&#8243; _module_preset=&#8220;default&#8220; global_colors_info=&#8220;{}&#8220;][et_pb_image src=&#8220;https:\/\/test.jeker.eu\/wp-content\/uploads\/2024\/08\/Felsenau_4-300&#215;167-1.jpg&#8220; title_text=&#8220;Felsenau_4-300&#215;167&#8243; align=&#8220;right&#8220; _builder_version=&#8220;4.27.0&#8243; _module_preset=&#8220;default&#8220; global_colors_info=&#8220;{}&#8220;][\/et_pb_image][et_pb_divider show_divider=&#8220;off&#8220; _builder_version=&#8220;4.27.0&#8243; _module_preset=&#8220;default&#8220; global_colors_info=&#8220;{}&#8220;][\/et_pb_divider][et_pb_image src=&#8220;https:\/\/test.jeker.eu\/wp-content\/uploads\/2024\/08\/Felsenau-300&#215;173-1.jpg&#8220; title_text=&#8220;Felsenau-300&#215;173&#8243; align=&#8220;right&#8220; _builder_version=&#8220;4.27.0&#8243; _module_preset=&#8220;default&#8220; global_colors_info=&#8220;{}&#8220;][\/et_pb_image][\/et_pb_column][et_pb_column type=&#8220;1_4&#8243; _builder_version=&#8220;4.27.0&#8243; _module_preset=&#8220;default&#8220; global_colors_info=&#8220;{}&#8220;][\/et_pb_column][et_pb_column type=&#8220;1_4&#8243; _builder_version=&#8220;4.27.0&#8243; _module_preset=&#8220;default&#8220; global_colors_info=&#8220;{}&#8220;][et_pb_text _builder_version=&#8220;4.27.0&#8243; _module_preset=&#8220;default&#8220; global_colors_info=&#8220;{}&#8220;]<\/p>\n<p>Das Wohnquartier Felsenau wird durch eine Mauer vor zuk\u00fcnftigen Hochwasserereignissen gesch\u00fctzt. Die Mauer bildet einen urbanen Abschluss und verbraucht im Vergleich zu einer Dammsch\u00fcttung sehr wenig Platz. Die damit gewonnene Fl\u00e4che kommt einer naturnahen Gestaltung der Aare sowie der Gestaltung der Quartierstrasse zu Gute.<br \/>Zug\u00e4nge zur Aare durchbrechen die Mauer und dienen sowohl der Freizeitnutzung wie auch der \u00f6kologischen Vernetzung. Im Hochwasserfall k\u00f6nnen diese mobil verschlossen werden. Eine Baumreihe begrenzt das Wohnquartier, S\u00e4ulenpappeln markieren \u00dcberg\u00e4nge und standortgerechte Geh\u00f6lzgruppen begleiten die Aare.Die Mauer selbst wird mit Aarekies, gestrahlter Oberfl\u00e4che und leichten Anzug ausgef\u00fchrt, so dass sie nicht im Kontrast zu den Kiesb\u00e4nken steht, sondern aus ihnen &#8218;herausw\u00e4chst&#8216;.<\/p>\n<p>[\/et_pb_text][\/et_pb_column][\/et_pb_row][et_pb_row column_structure=&#8220;1_2,1_2&#8243; use_custom_gutter=&#8220;on&#8220; _builder_version=&#8220;4.27.0&#8243; _module_preset=&#8220;default&#8220; global_colors_info=&#8220;{}&#8220;][et_pb_column type=&#8220;1_2&#8243; _builder_version=&#8220;4.27.0&#8243; _module_preset=&#8220;default&#8220; global_colors_info=&#8220;{}&#8220;][et_pb_image src=&#8220;https:\/\/test.jeker.eu\/wp-content\/uploads\/2024\/08\/Felsenau2-e1420622974896-670&#215;390-1-e1725609156210.jpg&#8220; title_text=&#8220;Felsenau2-e1420622974896-670&#215;390&#8243; _builder_version=&#8220;4.27.0&#8243; _module_preset=&#8220;default&#8220; global_colors_info=&#8220;{}&#8220;][\/et_pb_image][\/et_pb_column][et_pb_column type=&#8220;1_2&#8243; _builder_version=&#8220;4.27.0&#8243; _module_preset=&#8220;default&#8220; global_colors_info=&#8220;{}&#8220;][et_pb_image src=&#8220;https:\/\/test.jeker.eu\/wp-content\/uploads\/2024\/08\/Felsenau_3_1.jpg&#8220; title_text=&#8220;Felsenau_3_1&#8243; align=&#8220;right&#8220; _builder_version=&#8220;4.27.0&#8243; _module_preset=&#8220;default&#8220; global_colors_info=&#8220;{}&#8220;][\/et_pb_image][\/et_pb_column][\/et_pb_row][\/et_pb_section]<\/p>\n","protected":false},"excerpt":{"rendered":"<p>Uferschutz \/ Hochwasserschutz AareFelsenau, Bern 2007-2010Das Wohnquartier Felsenau wird durch eine Mauer vor zuk\u00fcnftigen Hochwasserereignissen gesch\u00fctzt. Die Mauer bildet einen urbanen Abschluss und verbraucht im Vergleich zu einer Dammsch\u00fcttung sehr wenig Platz. Die damit gewonnene Fl\u00e4che kommt einer naturnahen Gestaltung der Aare sowie der Gestaltung der Quartierstrasse zu Gute.Zug\u00e4nge zur Aare durchbrechen die Mauer und [&hellip;]<\/p>\n","protected":false},"author":1,"featured_media":0,"parent":0,"menu_order":0,"comment_status":"closed","ping_status":"closed","template":"","meta":{"_et_pb_use_builder":"on","_et_pb_old_content":"","_et_gb_content_width":"","footnotes":""},"class_list":["post-264","page","type-page","status-publish","hentry"],"aioseo_notices":[],"_links":{"self":[{"href":"https:\/\/test.jeker.eu\/index.php\/wp-json\/wp\/v2\/pages\/264","targetHints":{"allow":["GET"]}}],"collection":[{"href":"https:\/\/test.jeker.eu\/index.php\/wp-json\/wp\/v2\/pages"}],"about":[{"href":"https:\/\/test.jeker.eu\/index.php\/wp-json\/wp\/v2\/types\/page"}],"author":[{"embeddable":true,"href":"https:\/\/test.jeker.eu\/index.php\/wp-json\/wp\/v2\/users\/1"}],"replies":[{"embeddable":true,"href":"https:\/\/test.jeker.eu\/index.php\/wp-json\/wp\/v2\/comments?post=264"}],"version-history":[{"count":16,"href":"https:\/\/test.jeker.eu\/index.php\/wp-json\/wp\/v2\/pages\/264\/revisions"}],"predecessor-version":[{"id":1051,"href":"https:\/\/test.jeker.eu\/index.php\/wp-json\/wp\/v2\/pages\/264\/revisions\/1051"}],"wp:attachment":[{"href":"https:\/\/test.jeker.eu\/index.php\/wp-json\/wp\/v2\/media?parent=264"}],"curies":[{"name":"wp","href":"https:\/\/api.w.org\/{rel}","templated":true}]}}