{"id":676,"date":"2024-08-23T12:44:35","date_gmt":"2024-08-23T12:44:35","guid":{"rendered":"https:\/\/test.jeker.eu\/?page_id=676"},"modified":"2024-09-06T09:27:29","modified_gmt":"2024-09-06T09:27:29","slug":"sanierung-neugestaltung-schulanlage-kindergarten-neumatt","status":"publish","type":"page","link":"https:\/\/test.jeker.eu\/index.php\/sanierung-neugestaltung-schulanlage-kindergarten-neumatt\/","title":{"rendered":"Sanierung, Neugestaltung Schulanlage \/ Kindergarten Neumatt"},"content":{"rendered":"<p>[et_pb_section fb_built=&#8220;1&#8243; _builder_version=&#8220;4.27.0&#8243; _module_preset=&#8220;default&#8220; global_colors_info=&#8220;{}&#8220;][et_pb_row column_structure=&#8220;1_4,1_4,1_4,1_4&#8243; _builder_version=&#8220;4.27.0&#8243; _module_preset=&#8220;default&#8220; hover_enabled=&#8220;0&#8243; global_colors_info=&#8220;{}&#8220; use_custom_gutter=&#8220;on&#8220; sticky_enabled=&#8220;0&#8243;][et_pb_column type=&#8220;1_4&#8243; _builder_version=&#8220;4.27.0&#8243; _module_preset=&#8220;default&#8220; global_colors_info=&#8220;{}&#8220;][et_pb_text _builder_version=&#8220;4.27.0&#8243; _module_preset=&#8220;default&#8220; global_colors_info=&#8220;{}&#8220;]<\/p>\n<p><strong>Sanierung \/ Neugestaltung Schulanlage \/ Kindergarten Neumatt<br \/>Burgdorf 2002-2006<\/strong><\/p>\n<p>[\/et_pb_text][\/et_pb_column][et_pb_column type=&#8220;1_4&#8243; _builder_version=&#8220;4.27.0&#8243; _module_preset=&#8220;default&#8220; global_colors_info=&#8220;{}&#8220;][et_pb_image src=&#8220;https:\/\/test.jeker.eu\/wp-content\/uploads\/2024\/08\/Neumatt_1-300&#215;173-1.jpg&#8220; title_text=&#8220;Neumatt_1-300&#215;173&#8243; align=&#8220;right&#8220; _builder_version=&#8220;4.27.0&#8243; _module_preset=&#8220;default&#8220; global_colors_info=&#8220;{}&#8220;][\/et_pb_image][et_pb_divider show_divider=&#8220;off&#8220; _builder_version=&#8220;4.27.0&#8243; _module_preset=&#8220;default&#8220; global_colors_info=&#8220;{}&#8220;][\/et_pb_divider][et_pb_image src=&#8220;https:\/\/test.jeker.eu\/wp-content\/uploads\/2024\/08\/Neumatt_8-e1423578886268-300&#215;177-2.jpg&#8220; title_text=&#8220;Neumatt_8-e1423578886268-300&#215;177&#8243; align=&#8220;right&#8220; _builder_version=&#8220;4.27.0&#8243; _module_preset=&#8220;default&#8220; global_colors_info=&#8220;{}&#8220;][\/et_pb_image][\/et_pb_column][et_pb_column type=&#8220;1_4&#8243; _builder_version=&#8220;4.27.0&#8243; _module_preset=&#8220;default&#8220; global_colors_info=&#8220;{}&#8220;][\/et_pb_column][et_pb_column type=&#8220;1_4&#8243; _builder_version=&#8220;4.27.0&#8243; _module_preset=&#8220;default&#8220; global_colors_info=&#8220;{}&#8220;][et_pb_text _builder_version=&#8220;4.27.0&#8243; _module_preset=&#8220;default&#8220; global_colors_info=&#8220;{}&#8220;]<\/p>\n<p>Mit der Sanierung der Schulanlage Neumatt wurde der Primarschule und dem Kindergarten ein kindgerechter Aussenraum geschaffen. Durch eine grossz\u00fcgige Ausstattung mit Spiel- ger\u00e4ten entstand gleichzeitig ein Spielplatz f\u00fcr das umgebende Wohnquartier. Neben konventionellen Spielger\u00e4ten wurden auch Spielger\u00e4te speziell entwickelt, und Fl\u00e4chen f\u00fcr experimentelles Spielen bereit gestellt. Die Projektierung erfolgte in enger Zusammenarbeit mit der Schule. Projektgruppen brachten ihre Ideen und W\u00fcnsche ein, und wirkten sogar bei der Ausf\u00fchrung mit. Hierdurch entstand eine sehr hohe Identifikation der Sch\u00fcler (und auch Lehrer) mit der Anlage. Vandalismus kommt dadurch nicht vor.<\/p>\n<p>[\/et_pb_text][\/et_pb_column][\/et_pb_row][et_pb_row column_structure=&#8220;1_2,1_2&#8243; admin_label=&#8220;Zeile&#8220; _builder_version=&#8220;4.27.0&#8243; _module_preset=&#8220;default&#8220; hover_enabled=&#8220;0&#8243; global_colors_info=&#8220;{}&#8220; use_custom_gutter=&#8220;on&#8220; sticky_enabled=&#8220;0&#8243;][et_pb_column type=&#8220;1_2&#8243; _builder_version=&#8220;4.27.0&#8243; _module_preset=&#8220;default&#8220; global_colors_info=&#8220;{}&#8220;][et_pb_image src=&#8220;https:\/\/test.jeker.eu\/wp-content\/uploads\/2024\/08\/Neumatt_4_2.jpg&#8220; title_text=&#8220;Neumatt_4_2&#8243; align=&#8220;right&#8220; _builder_version=&#8220;4.27.0&#8243; _module_preset=&#8220;default&#8220; global_colors_info=&#8220;{}&#8220;][\/et_pb_image][\/et_pb_column][et_pb_column type=&#8220;1_2&#8243; _builder_version=&#8220;4.27.0&#8243; _module_preset=&#8220;default&#8220; global_colors_info=&#8220;{}&#8220;][et_pb_image src=&#8220;https:\/\/test.jeker.eu\/wp-content\/uploads\/2024\/08\/Neumatt_4.1.jpg&#8220; title_text=&#8220;Neumatt_4.1&#8243; align=&#8220;right&#8220; _builder_version=&#8220;4.27.0&#8243; _module_preset=&#8220;default&#8220; global_colors_info=&#8220;{}&#8220;][\/et_pb_image][\/et_pb_column][\/et_pb_row][\/et_pb_section]<\/p>\n","protected":false},"excerpt":{"rendered":"<p>Sanierung \/ Neugestaltung Schulanlage \/ Kindergarten NeumattBurgdorf 2002-2006Mit der Sanierung der Schulanlage Neumatt wurde der Primarschule und dem Kindergarten ein kindgerechter Aussenraum geschaffen. Durch eine grossz\u00fcgige Ausstattung mit Spiel- ger\u00e4ten entstand gleichzeitig ein Spielplatz f\u00fcr das umgebende Wohnquartier. Neben konventionellen Spielger\u00e4ten wurden auch Spielger\u00e4te speziell entwickelt, und Fl\u00e4chen f\u00fcr experimentelles Spielen bereit gestellt. Die Projektierung [&hellip;]<\/p>\n","protected":false},"author":1,"featured_media":0,"parent":0,"menu_order":0,"comment_status":"closed","ping_status":"closed","template":"","meta":{"_et_pb_use_builder":"on","_et_pb_old_content":"","_et_gb_content_width":"","footnotes":""},"class_list":["post-676","page","type-page","status-publish","hentry"],"aioseo_notices":[],"_links":{"self":[{"href":"https:\/\/test.jeker.eu\/index.php\/wp-json\/wp\/v2\/pages\/676","targetHints":{"allow":["GET"]}}],"collection":[{"href":"https:\/\/test.jeker.eu\/index.php\/wp-json\/wp\/v2\/pages"}],"about":[{"href":"https:\/\/test.jeker.eu\/index.php\/wp-json\/wp\/v2\/types\/page"}],"author":[{"embeddable":true,"href":"https:\/\/test.jeker.eu\/index.php\/wp-json\/wp\/v2\/users\/1"}],"replies":[{"embeddable":true,"href":"https:\/\/test.jeker.eu\/index.php\/wp-json\/wp\/v2\/comments?post=676"}],"version-history":[{"count":5,"href":"https:\/\/test.jeker.eu\/index.php\/wp-json\/wp\/v2\/pages\/676\/revisions"}],"predecessor-version":[{"id":1105,"href":"https:\/\/test.jeker.eu\/index.php\/wp-json\/wp\/v2\/pages\/676\/revisions\/1105"}],"wp:attachment":[{"href":"https:\/\/test.jeker.eu\/index.php\/wp-json\/wp\/v2\/media?parent=676"}],"curies":[{"name":"wp","href":"https:\/\/api.w.org\/{rel}","templated":true}]}}